4. Suppose 6*t - h = 2*t. Calculate the remainder when t is divided by 5.
4
Suppose -14*r + 395 = 713 - 402. Suppose 5*j - j = 128. Suppose 2*l = 8 + j. What is the remainder when l is divided by r?
2
Suppose 0 = 3*l + 4*z - 1, 5*z = -2*l + 10. Let u be l/7 + (-22)/77 - -9. Suppose 0 = 9*q - u*q - 46. What is the remainder when q is divided by 25?
21
Let g = -34599 + 35736. Calculate the remainder when g is divided by 557.
23
What is the remainder when 170 is divided by -91*2/(((-1)/(-2))/(1/(-4)))?
79
Let i(m) = m**2 + 18*m - 60. Let l be i(-21). What is the remainder when (4 - -5) + l + 0 is divided by 5?
2
Suppose -991 - 7633 = 142*z - 153*z. What is the remainder when z is divided by 102?
70
Suppose 0 = 3*h + 33 - 39. Suppose 204 = -h*b - 3*m, -5*b - 567 + 57 = -4*m. Let l = 136 + b. What is the remainder when l is divided by 18?
16
Let w be (69/(-9))/(-1 - 21/(-18)). Let q = 0 + w. Let h = q + 140. Calculate the remainder when h is divided by 32.
30
Let c = -6 - -44. Let n be (-118)/(-18) + (-4)/(-9). Suppose -n*z = -2*z - 80. Calculate the remainder when c is divided by z.
6
Let a(s) = -s + 19. Let q be a(7). Suppose -5*c + 2*y = -149, -3*y + 0*y + 81 = 3*c. Suppose c*v - 30*v = -q. Calculate the remainder when v is divided by 5.
2
Suppose 10*y = 13*y + 636. Let q = 311 + y. Suppose 57*r + q = 60*r. What is the remainder when 127 is divided by r?
28
Let z = -76 + 95. What is the remainder when (-1328)/498*(-507)/4 is divided by z?
15
Suppose -p = 5*b + 4*p - 10, 0 = 5*b - 5*p - 30. Suppose -100 = 20*u, -u = 3*t - 131 + 34. Calculate the remainder when t is divided by b/(-26) - 268/(-52).
4
Let i(s) = -146*s - 568. Calculate the remainder when 134 is divided by i(-4).
6
What is the remainder when 1/(2/7162) - 19 is divided by 395?
7
Let g(z) = 13*z**2 - 6*z - 14. Let q be g(-5). Suppose q = h - 129. Suppose 5*j = -4*x - 174 + h, 53 = x - 4*j. What is the remainder when x is divided by 20?
9
Suppose 69 - 90 = 3*m. Calculate the remainder when 15 + (m - -5 - (0 + 2)) is divided by 3.
2
Suppose 9*q - 5 = 4*q. Let l be (-20)/5 + (-9 - q). Let h = l + 32. Calculate the remainder when 30 is divided by h.
12
Calculate the remainder when 128 is divided by (79 - -4 - -1) + 16 + -24.
52
Suppose -24 = 8*l - 80. Let j(x) = -21*x + 153. What is the remainder when j(l) is divided by 2?
0
Let l(j) be the second derivative of 32*j**3/3 + j**2/2 + 62*j. What is the remainder when l(1) is divided by (-22)/((-3)/(18/4))?
32
Let c = 0 + 5. Let p(b) = -24 + c + 6 - 10*b. Calculate the remainder when p(-11) is divided by 25.
22
Let k = 1229 - 1188. Suppose 0 = -2*r + 102 + 136. Calculate the remainder when r is divided by k.
37
Suppose -92*g + 349095 = -7*g. Calculate the remainder when g is divided by 49.
40
Let s(a) = -3*a**3 + a**2 - 6*a - 5. Suppose 5*f = -k + 7, 0 = -2*k + k - 2*f + 1. Calculate the remainder when 459/27 + k/1 is divided by s(-1).
4
Suppose -546 = -27285*d + 27278*d. Suppose 236 = q - 0*q. Calculate the remainder when q is divided by d.
2
Let l = 178 + -178. Suppose 1 = -4*d - 5*i + 43, 4*d + 4*i - 40 = l. Let v(j) = j**2 + 5*j + 6. What is the remainder when v(-8) is divided by d?
6
Suppose -1258 = -9*r - 376. What is the remainder when 483 is divided by r?
91
Let a(m) = m**2 + 118*m - 1279. Let q = 131 + -60. What is the remainder when a(12) is divided by q?
68
Calculate the remainder when 56/(-16)*(-635 - 15) is divided by 753.
16
Let l(y) = -y**2 - 15*y - 11. Let q be l(-14). Calculate the remainder when ((-24)/36)/(5/((-1215)/2)) is divided by q*(5 + -3 + 5).
18
Let z = 23 - 18. Suppose z*j - 5 = 2*s, 0 = -3*s + j - 0*j - 1. Suppose 4*h - 8 = 0, 0 = -s*r + r + 5*h - 48. What is the remainder when r is divided by 10?
8
Let v(q) = q - 1. Let p be v(1). Suppose k = y - 11, 0*y + 2*y + k - 25 = p. Let w = -1449 + 1456. Calculate the remainder when y is divided by w.
5
Let l be 0/(-2) + 4 - 7. Let t be ((-2)/(-3))/(l/(-36)). What is the remainder when 32 is divided by (9 - t)/(2/22)?
10
Let w(p) = p**3 + 8*p**2 - 2*p. Let l(c) = 18*c - 62. Let x(j) = -3*j + 68. Let q be x(21). What is the remainder when l(q) is divided by w(-8)?
12
Let s be (140/(-6))/((-26)/117). Let l = 165 - s. Let v(j) = -2*j**2 + 10*j + 1. What is the remainder when l is divided by v(3)?
8
Suppose 2975 = 3*c + a, -103*a - 4965 = -5*c - 108*a. What is the remainder when c is divided by 4?
3
Suppose 0 = 7*g - 6*g - 4. Let k be ((-48)/(-30))/(g/10). Suppose -k*o = -3*j - j + 64, -3*o = 12. Calculate the remainder when 58 is divided by j.
10
Suppose -297 - 673 = -17*n + 50. Calculate the remainder when 75 is divided by n.
15
Let c(a) = 13*a**2 - 99*a + 70. What is the remainder when 2696 is divided by c(7)?
8
Let q(v) = -3*v - 28. Let f = 128 - 31. Calculate the remainder when f is divided by q(-13).
9
Suppose -2*a - 120 = 2*a - 2*s, 0 = a - 3*s + 35. Let i = 73 + a. What is the remainder when 91/39 + -3 + 257/3 is divided by i?
41
Let j(z) = -z**2 - 51*z + 694. Calculate the remainder when 3071 is divided by j(9).
145
Let w = -95 - -134. Let j = -272 + 424. Calculate the remainder when j is divided by w.
35
Suppose 3*d + 13*x = 16*x + 96, 0 = -4*d - 3*x + 114. What is the remainder when 11457 is divided by d?
27
Let h = -1638 + 1672. Let u(d) = -d**2 - 9*d - 1. Let i(o) = -o**3 - 4*o**2 + 1. Let p be i(-3). Calculate the remainder when h is divided by u(p).
6
Suppose 2*t - t + 34 = r, 5*r = -2*t + 177. Suppose 48*z - 1566 - 5010 = 0. Calculate the remainder when z is divided by r.
32
Calculate the remainder when 22933*3/12 - 231/924 is divided by 8.
5
What is the remainder when -13*6/78*-214 is divided by 68?
10
Let p(c) = 3*c**2 - 1 - 5*c - 2 - 4. Let a be p(3). Suppose a*s - 352 - 38 = -5*y, 5*y + 267 = 4*s. What is the remainder when s is divided by 15?
13
Suppose 3*o - 2910 = -5*n, 1701*n = -4*o + 1696*n + 3880. Calculate the remainder when o is divided by 70.
60
Suppose -11*x - 30 - 3 = 0. What is the remainder when 2712/20 - ((-24)/(-20))/x is divided by 7?
3
Let l(y) = -30*y - 3. Suppose -5*b + 18 = 28. Let u = -32 + 62. What is the remainder when l(b) is divided by u?
27
Let v = -277 - -282. Suppose 0 = -5*r - 5*j + 660, v*r = r + 4*j + 560. Calculate the remainder when r is divided by 23.
21
Let j(u) = 385*u + 10017. Calculate the remainder when 36 is divided by j(-26).
1
Let d(l) = -3*l**2 + 363*l + 1581. Calculate the remainder when d(96) is divided by 24.
21
Let v be 3 + (-10 - -12 - 2*1). Let j(k) = k**2 + 5*k - 18. What is the remainder when (6*3/(-6))/(v/(-9)) is divided by j(-8)?
3
Calculate the remainder when 1655 is divided by (2 - (-3 + 2)) + (-5216)/(-32).
161
Suppose -4*w - 5*r + 194 = -45, -2*r = 2*w - 116. Calculate the remainder when 1427 is divided by w.
50
Suppose -27729 = -567*s + 330*s. Calculate the remainder when 466 is divided by s.
115
Let r = -37 + 287. Suppose 4*w - 266 - r = 0. Suppose z + 4*h - 6 = 0, 3*z = h - 11 + 81. What is the remainder when w is divided by z?
19
Suppose -759 = -4*b + 3*h + 357, 4*b + 5*h = 1084. Calculate the remainder when b is divided by 45.
6
Let x = 184 - 41. Let d = x - 134. Calculate the remainder when d is divided by (0 + 2)/((-1)/(-1)).
1
Let q be (1 - 0)*0/1. Suppose -t - 9 + 153 = q. Suppose -5*c + t = 4*j, 0 = -c - 2*j + 4*j + 40. Calculate the remainder when c is divided by 5.
2
Suppose 0 = -4*l + m + 484, -14*l + 12*l = -m - 242. Let s(j) = j**2 + 8*j + 18. What is the remainder when l is divided by s(-8)?
13
Let i(l) = -l + 18. Let b be i(8). Calculate the remainder when 35 is divided by (-4692)/(-255) - 4/b.
17
Calculate the remainder when 1020 is divided by 120/1 - (-30 + 24).
12
Let t(j) = -j**2 + 8*j + 4. Suppose 8402*y + 23130 = 8420*y. Calculate the remainder when y is divided by t(7).
9
Let o = -5851 + 5909. Calculate the remainder when 4638 is divided by o.
56
Suppose 2*d = 128 + 20. Suppose 517 = 8*z - 467. Suppose a = -2*w - 3*w + z, -3*a = 4*w - 94. What is the remainder when d is divided by w?
24
Suppose -8*n = -3*n - 1495. Suppose 931*o - 60*o = 9357 + 8063. What is the remainder when n is divided by o?
19
What is the remainder when 3789 is divided by (20 - 25 - -479)*(-1)/(-6)?
76
Let q = 1167 + 6. What is the remainder when q is divided by 21?
18
What is the remainder when 150/(